{"id":1222,"date":"2025-12-11T15:13:35","date_gmt":"2025-12-11T14:13:35","guid":{"rendered":"https:\/\/hubnco.com\/?page_id=1222"},"modified":"2025-12-17T10:31:44","modified_gmt":"2025-12-17T09:31:44","slug":"elementor-page-1222","status":"publish","type":"page","link":"https:\/\/hubnco.com\/?page_id=1222","title":{"rendered":"Mentions l\u00e9gales"},"content":{"rendered":"\t\t<div data-elementor-type=\"wp-page\" data-elementor-id=\"1222\" class=\"elementor elementor-1222\" data-elementor-post-type=\"page\">\n\t\t\t\t<div class=\"elementor-element elementor-element-0b4c391 e-flex e-con-boxed e-con e-child\" data-id=\"0b4c391\" data-element_type=\"container\" data-settings=\"{&quot;background_background&quot;:&quot;classic&quot;}\">\n\t\t\t\t\t<div class=\"e-con-inner\">\n\t\t\t\t<div class=\"elementor-element elementor-element-e4daa62 elementor-widget-divider--view-line elementor-widget elementor-widget-divider\" data-id=\"e4daa62\" data-element_type=\"widget\" data-widget_type=\"divider.default\">\n\t\t\t\t\t\t\t<div class=\"elementor-divider\">\n\t\t\t<span class=\"elementor-divider-separator\">\n\t\t\t\t\t\t<\/span>\n\t\t<\/div>\n\t\t\t\t\t\t<\/div>\n\t\t\t\t<div class=\"elementor-element elementor-element-8c4a16d elementor-invisible elementor-widget elementor-widget-heading\" data-id=\"8c4a16d\" data-element_type=\"widget\" data-settings=\"{&quot;_animation&quot;:&quot;fadeInDown&quot;,&quot;_animation_delay&quot;:200}\" data-widget_type=\"heading.default\">\n\t\t\t\t\t<h1 class=\"elementor-heading-title elementor-size-default\">Mentions L\u00e9gales<\/h1>\t\t\t\t<\/div>\n\t\t\t\t\t<\/div>\n\t\t\t\t<\/div>\n\t\t<div class=\"elementor-element elementor-element-74890c8 e-flex e-con-boxed e-con e-parent\" data-id=\"74890c8\" data-element_type=\"container\">\n\t\t\t\t\t<div class=\"e-con-inner\">\n\t\t\t\t<div class=\"elementor-element elementor-element-c40b114 elementor-widget elementor-widget-text-editor\" data-id=\"c40b114\" data-element_type=\"widget\" data-widget_type=\"text-editor.default\">\n\t\t\t\t\t\t\t\t\t<p><strong>Soci\u00e9t\u00e9\u00a0<\/strong><br \/>SAS AgilEvents<br \/>5 rue de l&rsquo;Amiral Hamelin \u2013 75016 PARIS \u2013 France<br \/>Au capital de 20\u00a0000\u20ac<br \/>SIRET\u00a0:\u00a087916762500034<br \/>R.C.S\u00a0: 879\u00a0167\u00a0625 PARIS<br \/>Adresse de courrier \u00e9lectronique\u00a0: <a href=\"contact@agil-events.com\">contact@agil-events.com<\/a><br \/><strong><br \/>Responsable de publication\u00a0<\/strong>\u00a0<br \/>B\u00e9n\u00e9dicte ROBIN (personne physique)<\/p><p><strong><br \/>Copyright et Propri\u00e9t\u00e9 intellectuelle<\/strong><br \/>Article L. 122-4 du code de la propri\u00e9t\u00e9 intellectuelle : Toute repr\u00e9sentation ou reproduction int\u00e9grale ou partielle faite sans le consentement de l&rsquo;auteur ou de ses ayants droit ou ayants cause est illicite. Il en est de m\u00eame pour la traduction, l&rsquo;adaptation ou la transformation, l&rsquo;arrangement ou la reproduction par un art ou un proc\u00e9d\u00e9 quelconque.<\/p><p>Si vous souhaitez reproduire des documents contenus dans notre site, uniquement \u00e0 des fins non lucratives, vous devez avant toute diffusion obtenir notre autorisation \u00e9crite pr\u00e9alable. Pour cela, vous devez nous adresser une demande \u00e9crite (par e-mail ou par courrier postal) en pr\u00e9cisant le contenu exact de ce que vous souhaitez reproduire. Apr\u00e8s accord, il vous sera demand\u00e9 de citer pr\u00e9cis\u00e9ment les sources.<\/p><p>En outre, il vous est interdit de proc\u00e9der \u00e0 une extraction qualitativement ou quantitativement substantielle des bases de donn\u00e9es mises en ligne sur le site hubnco.com, ou d&rsquo;utiliser ces bases de donn\u00e9es dans un cadre anormal.<br \/><strong><br \/>H\u00e9bergement<\/strong><\/p><p>Le site hubnco.com est h\u00e9berg\u00e9 par la soci\u00e9t\u00e9 OVH<br \/>2 rue Kellermann<br \/>BP 80157<br \/>59053<br \/>ROUBAIX CEDEX 1 \u2013 France<\/p><p><a href=\"https:\/\/www.ovhcloud.com\/fr\/\">https:\/\/www.ovhcloud.com\/fr\/<\/a><\/p><p>\u00a0<\/p>\t\t\t\t\t\t\t\t<\/div>\n\t\t\t\t\t<\/div>\n\t\t\t\t<\/div>\n\t\t\t\t<\/div>\n\t\t","protected":false},"excerpt":{"rendered":"<p>Mentions L\u00e9gales Soci\u00e9t\u00e9\u00a0SAS AgilEvents5 rue de l&rsquo;Amiral Hamelin \u2013 75016 PARIS \u2013 FranceAu capital de 20\u00a0000\u20acSIRET\u00a0:\u00a087916762500034R.C.S\u00a0: 879\u00a0167\u00a0625 PARISAdresse de courrier \u00e9lectronique\u00a0: contact@agil-events.comResponsable de publication\u00a0\u00a0B\u00e9n\u00e9dicte ROBIN (personne physique) Copyright et Propri\u00e9t\u00e9 intellectuelleArticle L. 122-4 du code de la propri\u00e9t\u00e9 intellectuelle : Toute repr\u00e9sentation ou reproduction int\u00e9grale ou partielle faite sans le consentement de l&rsquo;auteur ou de [&hellip;]<\/p>\n","protected":false},"author":3,"featured_media":0,"parent":0,"menu_order":0,"comment_status":"closed","ping_status":"closed","template":"","meta":{"footnotes":""},"class_list":["post-1222","page","type-page","status-publish","hentry"],"_links":{"self":[{"href":"https:\/\/hubnco.com\/index.php?rest_route=\/wp\/v2\/pages\/1222","targetHints":{"allow":["GET"]}}],"collection":[{"href":"https:\/\/hubnco.com\/index.php?rest_route=\/wp\/v2\/pages"}],"about":[{"href":"https:\/\/hubnco.com\/index.php?rest_route=\/wp\/v2\/types\/page"}],"author":[{"embeddable":true,"href":"https:\/\/hubnco.com\/index.php?rest_route=\/wp\/v2\/users\/3"}],"replies":[{"embeddable":true,"href":"https:\/\/hubnco.com\/index.php?rest_route=%2Fwp%2Fv2%2Fcomments&post=1222"}],"version-history":[{"count":11,"href":"https:\/\/hubnco.com\/index.php?rest_route=\/wp\/v2\/pages\/1222\/revisions"}],"predecessor-version":[{"id":1482,"href":"https:\/\/hubnco.com\/index.php?rest_route=\/wp\/v2\/pages\/1222\/revisions\/1482"}],"wp:attachment":[{"href":"https:\/\/hubnco.com\/index.php?rest_route=%2Fwp%2Fv2%2Fmedia&parent=1222"}],"curies":[{"name":"wp","href":"https:\/\/api.w.org\/{rel}","templated":true}]}}